*2 - 1121*j - 364. Give o(-27).
14
Let y(q) = q**3 + 59*q**2 + 108*q - 556. Determine y(-57).
-214
Let f(t) = -117657*t + 235302. What is f(2)?
-12
Let y(i) = -166*i + 6385. What is y(34)?
741
Let f(r) = -7*r**3 + r**2 - 10*r - 26. Determine f(-2).
54
Let s(f) = -32*f**2 - 1358*f + 2180. What is s(-44)?
-20
Let t(k) = -67*k**2 + 33700*k - 17. Determine t(503).
-520
Let p(i) = -1391*i**2 - 108499*i - 84. Calculate p(-78).
-6
Let n(j) = -2450*j - 396896. Give n(-162).
4
Let t(j) = 1139*j - 290462. What is t(255)?
-17
Let m(q) = -q**3 + 269*q**2 + 530*q - 142575. Calculate m(269).
-5
Let d(l) = 71*l**2 + 3762*l + 13847. Give d(-49).
-20
Let y(d) = -d**3 - 155*d**2 + 160*d + 471. Calculate y(-156).
-153
Let h(y) = 39512*y - 237060. Give h(6).
12
Let s(o) = 1092*o**2 + 130*o - 38. What is s(1)?
1184
Let s(m) = -3*m**2 + 149883*m - 299769. Determine s(2).
-15
Let f(z) = z**3 + 68*z**2 - 10937*z + 1038. Calculate f(-144).
30
Let x(w) = 403*w - 99986. Give x(248).
-42
Let l(x) = x**3 - 91*x**2 - 426*x + 12057. Determine l(94).
-1479
Let f(u) = 2*u**3 + 139*u**2 + 76*u + 580. Calculate f(-69).
97
Let v(j) = 7790*j - 15548. Give v(2).
32
Let r(g) = -113007*g - 339024. What is r(-3)?
-3
Let y(k) = 3*k**2 + 833*k + 13767. Determine y(-260).
-13
Let s(t) = -35*t**2 + 2016*t - 1168. What is s(57)?
29
Let q(k) = 68*k**2 + 13804*k + 20. Calculate q(-203).
20
Let l(q) = -2*q**3 - 1897*q**2 + 5691*q + 35. Calculate l(3).
-19
Let k(n) = -n**3 - 45*n**2 - 235*n + 34. What is k(-39)?
73
Let a(q) = 2*q**3 + 24*q**2 + 20*q - 136. What is a(-16)?
-2504
Let k(c) = -36216*c - 217283. What is k(-6)?
13
Let y(n) = -6069*n + 2099872. What is y(346)?
-2
Let j(f) = 2499*f - 1224523. Calculate j(490).
-13
Let x(z) = -z**3 - 90*z**2 - 161*z - 1498. Determine x(-88).
-2818
Let z(q) = 40*q**3 - 160*q**2 - 59*q + 226. Determine z(4).
-10
Let d(g) = g**2 + 480*g + 55773. What is d(-197)?
22
Let j(b) = -144*b**2 + 194*b - 58. Calculate j(1).
-8
Let y(o) = 7*o**3 - 8*o**2 - 8*o - 89. What is y(-6)?
-1841
Let o(x) = -204*x**2 - 9610*x - 838. Determine o(-47).
196
Let r(p) = 30*p - 4805. What is r(151)?
-275
Let q(a) = 20378*a**2 - 40735*a - 27. Determine q(2).
15
Let n(x) = 6392*x + 952401. Calculate n(-149).
-7
Let d(l) = 7*l**2 - 30498*l - 152473. Calculate d(-5).
192
Let p(a) = 2*a**3 - 26*a**2 - 31*a - 358. Determine p(15).
77
Let o(i) = -22449*i + 18. Determine o(0).
18
Let a(p) = -50*p**2 - 527*p - 64. What is a(-10)?
206
Let t(h) = -7*h**2 + 42*h + 1953. What is t(20)?
-7
Let w(y) = -y**3 + 133*y**2 + 115*y + 2902. Give w(134).
356
Let n(g) = -132445*g - 662227. Determine n(-5).
-2
Let w(v) = -2*v**2 - 4089*v + 1837009. What is w(379)?
-4
Let w(p) = -2*p**3 + 80*p**2 - 11*p - 237. What is w(40)?
-677
Let x(c) = -6298*c + 176342. Give x(28).
-2
Let t(u) = -37048*u - 3445425. What is t(-93)?
39
Let u(k) = -k**2 - 57*k + 18358. Calculate u(-167).
-12
Let p(k) = -k**3 + 42*k**2 + 1375*k - 57348. Determine p(43).
-72
Let l(a) = -2*a**2 + 598*a - 30763. What is l(66)?
-7
Let h(m) = -m**2 + 145*m + 173544. Calculate h(496).
-552
Let q(s) = 5*s**2 - 50398*s - 302573. Give q(-6).
-5
Let g(i) = -536*i + 241029. What is g(451)?
-707
Let n(m) = 12*m**2 + 169915*m + 679463. Determine n(-4).
-5
Let t(p) = -2460*p - 2359148. Give t(-959).
-8
Let n(u) = 132426*u - 926964. Give n(7).
18
Let x(h) = 2*h**3 - 134*h**2 + 383*h - 35. Calculate x(64).
-99
Let p(c) = -27418*c + 27307. Calculate p(1).
-111
Let s(g) = 2*g**3 + 199*g**2 + 1133*g + 9297. Determine s(-94).
-9
Let o(m) = -m**3 - 386*m**2 + 1519*m - 170470. Determine o(-391).
6
Let b(w) = 3*w**3 + 23*w**2 + 225*w + 345. Give b(-2).
-37
Let j(x) = -10*x**2 - 466*x - 610. What is j(-51)?
-2854
Let z(a) = 10904*a + 87212. Calculate z(-8).
-20
Let f(y) = -4*y**3 - 14*y**2 - 79*y - 391. What is f(-6)?
443
Let o(u) = u**3 + 174*u**2 + 339*u + 28564. Calculate o(-173).
-154
Let u(o) = -66*o - 2804. What is u(-75)?
2146
Let l(p) = -16*p**3 - 314*p**2 + 134*p + 283. What is l(-20)?
3
Let y(h) = -135*h**2 - 5667*h + 108. Calculate y(-42).
-18
Let z(s) = -s**3 - 19*s**2 - 36*s + 281. Determine z(-16).
89
Let d(x) = -310*x + 3340. Calculate d(9).
550
Let l(s) = -2318*s + 4468. Give l(2).
-168
Let l(g) = -106460*g + 425853. Determine l(4).
13
Let l(u) = u**3 + 100*u**2 - 111*u - 908. Determine l(-101).
102
Let w(a) = -67*a + 1124. Give w(2).
990
Let h(r) = 20*r**3 + r**2 - 35*r + 120. Determine h(5).
2470
Let b(k) = k**3 - 32*k**2 + 761*k - 22636. What is b(31)?
-6
Let n(c) = 81186*c - 162364. What is n(2)?
8
Let h(s) = -2983*s - 8851. Determine h(-3).
98
Let u(i) = i**3 + 63*i**2 + 72*i + 1343. Determine u(-62).
723
Let g(l) = -l**3 - 93*l**2 - 97*l - 391. Give g(-92).
69
Let c(z) = 3467*z - 447216. Calculate c(129).
27
Let x(q) = q**3 + 17*q**2 - 77*q + 83. Calculate x(2).
5
Let b(q) = -168*q - 46258. What is b(-278)?
446
Let n(j) = 7541*j - 1915401. Calculate n(254).
13
Let h(j) = 10534*j - 706299. Calculate h(67).
-521
Let d(v) = 1079*v + 323686. What is d(-300)?
-14
Let o(b) = -3*b**3 + 1205*b**2 - 808*b + 2427. Determine o(401).
21
Let w(q) = q**3 + 580*q**2 - 1739*q + 5841. Calculate w(-583).
11
Let g(u) = -230*u - 70097. Calculate g(-305).
53
Let y(p) = -129*p**2 + 247*p + 1. What is y(2)?
-21
Let v(p) = -p**3 - 87*p**2 + 942*p + 105853. Determine v(-83).
111
Let o(c) = 11*c**2 - 648*c - 619. Determine o(60).
101
Let p(w) = -w**3 - 9*w**2 - 1025194*w - 9226747. Give p(-9).
-1
Let t(k) = -k**2 + 104*k + 4144. Give t(-30).
124
Let a(u) = -u**3 + 30*u**2 - 232*u + 88. What is a(15)?
-17
Let v(d) = -7889*d + 110444. Give v(14).
-2
Let n(z) = -34470*z + 103518. Determine n(3).
108
Let q(j) = 12417*j + 347709. Give q(-28).
33
Let n(y) = -1645*y - 13171. Calculate n(-8).
-11
Let v(n) = 622*n - 26060. Give v(42).
64
Let g(w) = -628*w - 35726. Calculate g(-57).
70
Let g(a) = -4*a**2 - 800*a - 6158. Determine g(-8).
-14
Let q(a) = 93*a**3 - 7339*a**2 - 636*a + 336. What is q(79)?
20
Let y(d) = -6413*d + 64164. Give y(10).
34
Let p(i) = i**3 - 501*i**2 + 1486*i + 27. What is p(3)?
3
Let d(x) = 649*x + 26610. Give d(-40).
650
Let b(x) = -3*x**2 + 4341*x + 30354. Determine b(-7).
-180
Let q(d) = -5*d**2 + 210*d - 2080. Calculate q(26).
0
Let k(z) = z**3 + 10*z**2 - 490*z - 4944. What is k(-10)?
-44
Let y(c) = -2*c**2 - 1264*c + 52334. Give y(39).
-4
Let b(v) = -436168*v + 872335. Determine b(2).
-1
Let r(z) = -z**2 - 85*z + 485. Give r(-38).
2271
Let n(j) = -3599*j - 18398. Give n(-5).
-403
Let h(g) = 3*g**2 + 17534*g - 298952. Calculate h(17).
-7
Let b(m) = 2246*m + 6118. Calculate b(-3).
-620
Let h(x) = 2*x**3 + 2955*x**2 + 20671*x + 63. Calculate h(-7).
-525
Let s(t) = -7128*t - 61524. Determine s(-8).
-4500
Let a(r) = 179*r**3 - 15*r**2 + 23*r + 2. Determine a(2).
1420
Let n(f) = -152*f**2 - 969*f + 19. Determine n(-9).
-3572
Let f(c) = -8*c**2 + 183*c - 1342. Determine f(9).
-343
Let n(b) = 3146*b + 6256. Calculate n(-2).
-36
Let y(h) = -h**3 + 6*h**2 - 3465*h + 24285. Determine y(7).
-19
Let o(y) = 73312*y - 293241. Determine o(4).
7
Let y(n) = -44343*n + 354169. What is y(8)?
-575
Let q(j) = 16*j**2 + 387*j - 5094. Determine q(13).
2641
Let w(j) = -j**2 + 78*j + 13016. Determine w(160).
-104
Let i(l) = 48*l**3 + 7*l**2 - 153*l + 300. Calculate i(2).
406
Let g(y) = -8677*y + 78014. What is g(9)?
-79
Let k(f) = -90*f**2 + 42*f + 732. Determine k(3).
48
Let t(w) = 3*w**3 - 31*w**2 + 82*w - 752. Calculate t(10).
-32
Let h(n) = -n**3 - 19*n**2 - 8460*n - 66975. Determine h(-8).
1
Let s(n) = -n**2 - 3334*n - 43285. Calculate s(-13).
-112
Let a(v) = 3101440*v - 31014401. Calculate a(10).
-1
Let q(g) = 543*g**2 + 2075*g + 9. Give q(-4).
397
Let m(w) = w**3 + 61*w**2 - 626*w + 1526. Calculate m(4).
62
Let o(k) = k**3 - 8*k**2 - 55*k + 247. Calculate o(8).
-193
Let b(q) = -29*q**3 + 805*q + 2441. Calculate b(-3).
809
Let z(l) = -7*l**3 - 20*l**2 + l + 104. Calculate z(0).
104
Let m(y) = -y**3 - 172*y**2 + 9*y - 62. What is m(0)?
-62
Let h(y) = -3*y**2 - 254519*y + 3309259. Give h(13).
5
Let i(s) = 8*s**2 + 332*s + 3491. Determine i(-15).
311
Let w(d) = -113*d - 16717. Give w(-146).
-219
Let h(z) = -5442*z - 359219. What is h(-66)?
-47
Let v(x) = -x**2 + 243*x - 2678. Give v(12).
94
Let d(y) = 947*y + 60590. What is d(-64)?
-18
Let b(o) = 993*o**2 + 6092*o